9019
List the prime factors of 920351657.
920351657
What are the prime factors of 426402463?
1117, 381739
List the prime factors of 6131037732.
2, 3, 4703, 108637
List the prime factors of 333336551.
19, 71, 247099
List the prime factors of 106251633.
3, 809, 14593
List the prime factors of 284476974.
2, 3, 47412829
What are the prime factors of 106090576?
2, 6630661
List the prime factors of 2858119017.
3, 13, 3511, 20873
List the prime factors of 2563785336.
2, 3, 7, 167, 91381
What are the prime factors of 24406581?
3, 211, 38557
What are the prime factors of 35804581?
577, 62053
What are the prime factors of 1924839681?
3, 15737, 40771
What are the prime factors of 71637812?
2, 4139, 4327
List the prime factors of 15751435.
5, 7, 17, 23, 1151
What are the prime factors of 1787411685?
3, 5, 6529, 18251
What are the prime factors of 5736604769?
7, 181, 1283, 3529
What are the prime factors of 29296397?
13, 89, 25321
What are the prime factors of 25432573?
3251, 7823
List the prime factors of 163101589.
7, 23300227
List the prime factors of 199462438.
2, 7, 1289, 1579
List the prime factors of 64313110.
2, 5, 79, 81409
List the prime factors of 11390331.
3, 3796777
What are the prime factors of 82234085?
5, 23, 211, 3389
What are the prime factors of 50709727?
19, 61, 43753
What are the prime factors of 962244764?
2, 13, 1423439
List the prime factors of 60702286.
2, 47, 439, 1471
List the prime factors of 111096351.
3, 59, 209221
What are the prime factors of 283749584?
2, 17, 659, 1583
List the prime factors of 506636146.
2, 253318073
List the prime factors of 131066593.
7, 1367, 13697
What are the prime factors of 51836440?
2, 5, 229, 5659
What are the prime factors of 5371659573?
3, 7, 61, 911, 4603
What are the prime factors of 432755452?
2, 461, 234683
What are the prime factors of 4227636045?
3, 5, 281842403
List the prime factors of 386526823.
19, 20343517
List the prime factors of 209022153.
3, 503, 138517
List the prime factors of 972291894.
2, 3, 7, 157, 147451
What are the prime factors of 298496707?
19, 1327, 11839
What are the prime factors of 131056625?
5, 7, 21397
List the prime factors of 3710048030.
2, 5, 13, 59, 483709
What are the prime factors of 123067273?
7, 23, 109199
List the prime factors of 312144281.
103, 109, 27803
List the prime factors of 50044841.
7, 11, 19, 79, 433
What are the prime factors of 90256713?
3, 30085571
What are the prime factors of 97189249?
97189249
List the prime factors of 20914829.
13, 29, 1913
What are the prime factors of 1467156339?
3, 11, 823, 1637
List the prime factors of 23302960.
2, 5, 291287
What are the prime factors of 631683824?
2, 17, 2322367
What are the prime factors of 5089214?
2, 13, 195739
What are the prime factors of 5747129728?
2, 19, 103, 22943
List the prime factors of 1545176476.
2, 4909, 78691
What are the prime factors of 46603185?
3, 5, 43, 72253
List the prime factors of 39461381.
39461381
List the prime factors of 5374696229.
7, 11503, 66749
List the prime factors of 149596015.
5, 2111, 14173
List the prime factors of 166069451.
359, 462589
List the prime factors of 73375486.
2, 41, 83, 10781
List the prime factors of 196456556.
2, 17, 29, 99623
What are the prime factors of 36083655?
3, 5, 801859
List the prime factors of 257397279.
3, 85799093
List the prime factors of 231316921.
11, 1361, 15451
List the prime factors of 72565060.
2, 5, 983, 3691
List the prime factors of 79697086.
2, 7, 5692649
What are the prime factors of 1003400767?
1003400767
List the prime factors of 8079193483.
2053, 3935311
List the prime factors of 48870858.
2, 3, 29, 37, 7591
What are the prime factors of 50126764?
2, 41, 53, 73, 79
What are the prime factors of 166738316?
2, 23, 137, 13229
What are the prime factors of 1735951651?
7, 17, 14587829
List the prime factors of 1684607675.
5, 67384307
What are the prime factors of 2930568739?
7, 1451, 288527
What are the prime factors of 366501129?
3, 421, 290183
List the prime factors of 75327201.
3, 241, 34729
What are the prime factors of 899473113?
3, 7, 11, 59, 7333
List the prime factors of 2531685305.
5, 17, 19, 1567607
List the prime factors of 388708927.
17, 22865231
List the prime factors of 40472634.
2, 3, 6745439
What are the prime factors of 640473480?
2, 3, 5, 197677
List the prime factors of 76615592.
2, 167, 57347
List the prime factors of 2968186162.
2, 17, 67, 151, 8629
What are the prime factors of 1035916881?
3, 345305627
List the prime factors of 2355760569.
3, 785253523
What are the prime factors of 3927766002?
2, 3, 654627667
What are the prime factors of 486404531?
4241, 114691
List the prime factors of 44240966.
2, 7, 11, 287279
List the prime factors of 261239571.
3, 29026619
List the prime factors of 1228549070.
2, 5, 7, 2507243
What are the prime factors of 1461234475?
5, 1747, 33457
What are the prime factors of 34596336?
2, 3, 137, 5261
List the prime factors of 269626536.
2, 3, 1248271
What are the prime factors of 68220139?
13, 23, 151, 1511
What are the prime factors of 69633017?
709, 98213
List the prime factors of 76916440.
2, 5, 47, 163, 251
What are the prime factors of 1998118770?
2, 3, 5, 37, 73, 24659
What are the prime factors of 26733074?
2, 13366537
List the prime factors of 1610904903.
3, 1201, 447101
List the prime factors of 1734831506.
2, 37, 23443669
What are the prime factors of 83224581?
3, 11, 37, 68161
List the prime factors of 708867863.
11, 64442533
List the prime factors of 67681352.
2, 17, 107, 4651
List the prime factors of 930605715.
3, 5, 13, 397, 4007
List the prime factors of 159638491.
53, 1399, 2153
List the prime factors of 55413859.
55413859
List the prime factors of 83317471.
97, 858943
What are the prime factors of 587446846?
2, 7, 821, 51109
What are the prime factors of 1502576119?
11, 136597829
List the prime factors of 1788803113.
23497, 76129
List the prime factors of 17191934.
2, 8595967
List the prime factors of 703241407.
11, 63931037
What are the prime factors of 1267546657?
13, 97503589
What are the prime factors of 26887271?
37, 53, 13711
List the prime factors of 2640706231.
2640706231
What are the prime factors of 504584723?
504584723
What are the prime factors of 15204824?
2, 1900603
List the prime factors of 577086601.
7, 13, 19, 333769
What are the prime factors of 2774274211?
34847, 79613
What are the prime factors of 2467055629?
2467055629
What are the prime factors of 2113757618?
2, 7, 150982687
List the prime factors of 36085372.
2, 727, 12409
What are the prime factors of 1544603807?
101, 15293107
List the prime factors of 1366726433.
6569, 208057
List the prime factors of 1182366782.
2, 61, 191, 50741
What are the prime factors of 2417533193?
337, 7173689
What are the prime factors of 167867613?
3, 6217319
What are the prime factors of 75269704?
2, 239, 39367
What are the prime factors of 8600339267?
13, 29, 157, 145303
List the prime factors of 2244216132.
2, 3, 199, 34807
What are the prime factors of 535261002?
2, 3, 211, 422797
List the prime factors of 6921304546.
2, 13, 29, 41, 241, 929
List the prime factors of 254071840.
2, 5, 11, 241, 599
What are the prime factors of 1189918958?
2, 151, 743, 5303
What are the prime factors of 24420730?
2, 5, 47, 223, 233
What are the prime factors of 1336156167?
3, 641, 694829
List the prime factors of 465047283.
3, 155015761
What are the prime factors of 58958812?
2, 11, 1339973
List the prime factors of 5379213005.
5, 53, 20298917
What are the prime factors of 667895448?
2, 3, 11, 19, 133153
List the prime factors of 4023826326.
2, 3, 13, 61, 229, 1231
What are the prime factors of 642156639?
3, 53, 4038721
What are the prime factors of 54829093?
11, 453133
List the prime factors of 377620766.
2, 188810383
List the prime factors of 7456520326.
2, 607, 6142109
List the prime factors of 120973802.
2, 17, 1549, 2297
What are the prime factors of 2241206067?
3, 17, 439, 100103
What are the prime factors of 243000886?
2, 1663, 73061
List the prime factors of 940396006.
2, 11, 42745273
List the prime factors of 100426512.
2, 3, 283, 7393
What are the prime factors of 7450211?
7450211
List the prime factors of 199802801.
11, 18163891
List the prime factors of 317861616.
2, 3, 491, 13487
List the prime factors 